t a = 0 + -6. Determine s(a).
0
Let c(t) = -t. Let u(f) = -f + 3. Let x be u(2). Let a(h) = -25. Let i(n) = -1. Let k(q) = -a(q) + 30*i(q). Let s(b) = x*c(b) + k(b). Give s(-5).
0
Let n be (-48)/(-21) - 2/7. Let k(y) = -n*y**2 + 3*y**2 + 0 - 2 + 2*y. What is k(-4)?
6
Suppose -3*k = 3*h, -h = -5*h. Let x(a) = -a**3 + a**2 + a + 10. Determine x(k).
10
Let p = 62 + -66. Let m(n) = n**2 + 5*n. Determine m(p).
-4
Let z(w) = -9*w**2 + w + 13. Let k(p) = 4*p**2 - 6. Let b(q) = -7*k(q) - 3*z(q). What is b(-3)?
3
Suppose -y - 2 = -4*n + 5, -3*n + 3*y = -3. Let q = n - 3. Let a(d) = 2*d**3 + 1. What is a(q)?
-1
Let l(w) = -3*w**2 + 16*w - 22. Let h(q) = -2*q**2 + 11*q - 15. Let m(p) = -7*h(p) + 5*l(p). Give m(4).
-9
Let c(b) = -b**3 - 3*b**2 + 3*b - 2. Let k be c(-4). Let j(n) = -2*n - 1 + 3 - k*n**2 + 0*n**2 + 0*n. Determine j(-2).
-2
Let r(z) = -z**2 + 3*z - 10. Let h(f) = f**2 - 3*f + 9. Let x(k) = -7*h(k) - 6*r(k). Calculate x(4).
-7
Let l(o) = -3*o + 9. Let w(z) = -4*z + 13. Let h(n) = 7*l(n) - 5*w(n). Suppose 8 = 3*x - 7. What is h(x)?
-7
Suppose 0 = 5*k - 16 + 6. Suppose 4 = -4*q + k*q. Let p(v) = -v**3 - 2*v**2 + v. Determine p(q).
-2
Let d(g) = g**2 - 15*g + 21. Let z be d(14). Let j(k) = 4 + z + 2*k + 3 - 5. What is j(-7)?
-5
Let j(d) = -d + 1. Let p(o) = 3*o + 2. Let y(x) = -4*j(x) - p(x). Calculate y(5).
-1
Let m(t) = t**3 + 12*t**2 - 13*t + 5. Let z = -98 + 85. Determine m(z).
5
Let r(k) = -k**2 + 3*k - 2. Let f(n) = -n + 6. Let j(g) = 2*g - 6. Let z(p) = 6*f(p) + 5*j(p). Let a be z(-8). Let y be (-4)/12 - a/6. Give r(y).
-6
Let x(m) = 56*m - 4*m**2 + 1 - 57*m + 7*m**2. Determine x(1).
3
Let b be (-40)/30 + (4 - 1). Let z(f) be the first derivative of 2*f**2 + b*f**3 + 2 + 0*f + 1/4*f**4. Give z(-4).
0
Let g = 6 - 3. Let u = g + 5. Let s = -12 + u. Let d(f) = -f - 2. Calculate d(s).
2
Suppose 0*t = -2*t + 12. Let x be (-9)/6*(-20)/t. Let u(a) = -a**3 + 1 + x*a**2 + 3 - a - a**2. Determine u(4).
0
Suppose -4*f + 2*f + 10 = 0, -2*c + 29 = 5*f. Let w(m) = -m**3 + 2*m - 1. Let r be w(-2). Let d(l) = 2*l + 1 - 4 + r*l - l. Determine d(c).
5
Let j(i) be the second derivative of -i**5/60 + i**4/24 + 2*i**3/3 + i**2/2 + 2*i. Let s(h) be the first derivative of j(h). What is s(3)?
-2
Let w(h) = h**3 + 3*h**2 - 3*h - 4. Suppose 2*a + 2*a + 8 = 0. Let u = a + -1. Determine w(u).
5
Let d(t) be the first derivative of -t**4/4 + 7*t**3/3 - t**2 + 7*t - 11. Calculate d(7).
-7
Let n(r) = 5*r - 2*r + 2 - r. Let b(v) = v**2 - v - 1. Let f be 4*(39/12 - 3). Let i(u) = f*b(u) + n(u). Determine i(0).
1
Let d(u) = 5*u + 3. Let t(s) = -9*s - 4. Let z(w) = 11*d(w) + 6*t(w). Determine z(-5).
4
Let d = -3 + 6. Suppose 0 = -2*j + d*j. Let y(s) = -s**2 - s - 6. What is y(j)?
-6
Let f = 9 + -5. Let j(p) be the first derivative of -p**5/120 - p**4/12 + p**3 - 2. Let o(m) be the third derivative of j(m). Calculate o(f).
-6
Suppose 6*b + 15 = 3*b. Let m(l) = 4*l**3 - 5*l**2 + 4*l - 3. Let k(q) = q**3 + q - 1. Let u(s) = -5*k(s) + m(s). What is u(b)?
7
Let d(a) = 2*a + 4. Let y(i) be the second derivative of -i**5/20 + 3*i**4/4 - 5*i**2/2 + 4*i. Let f be y(9). Calculate d(f).
-6
Let u = -1 + 5. Let o(z) be the third derivative of z**4/24 + z**3/3 - z**2. What is o(u)?
6
Suppose p - 4*x - 3 = 0, 0 = 6*p - 3*p + x - 22. Let z(w) = -w**2 - w**2 + 3*w**2 - 5*w + p. Determine z(5).
7
Suppose z = 4*g - 7, g - z = 2*z - 12. Suppose 5*y + 3 + 3 = g*x, 3*y + 3*x - 6 = 0. Let j(b) = -b - 6. Determine j(y).
-6
Let z(q) = -q**2 + 6*q - 5. Let b = 4 - 2. Let o be (1/b)/((-2)/(-20)). What is z(o)?
0
Let b(d) be the third derivative of -d**5/15 - d**4/12 - d**3/6 - 28*d**2. What is b(-1)?
-3
Suppose 5*z = w + 13, z - 6 = -w - 1. Suppose 0 = v - z*v. Let k(n) = n + 3. Determine k(v).
3
Let y be 1/(-4) + 9/4. Suppose -3*v = -y*v. Let a(r) be the third derivative of r**5/60 - r**3/6 - 2*r**2. Calculate a(v).
-1
Let a(n) = -5*n - 5*n + 2*n - 6 - n**2 + 2*n. Let j be a(-4). Let k(y) = 2*y**3 - 3*y**2 + 2. Give k(j).
6
Let z = -5 - -10. Let m(y) be the third derivative of 0 + 5/6*y**3 - 2*y**2 - 1/24*y**4 + 0*y. Give m(z).
0
Let b(y) = y - 6. Let c be (4 - 0) + (0 - -34). Suppose 4*a + c = -3*l, 0*l + 3*a - 3 = 3*l. What is b(l)?
-12
Let o(u) = u - 10. Let d(b) = b**3 + 3*b**2 - 4*b - 3. Let w be d(-2). Give o(w).
-1
Suppose -15 = f + 2*v, v = f - 2*v - 10. Let i be (1/(-2))/(2/(-24)). Let g(r) = 3*r + r + r + i + r**2. Give g(f).
6
Let t(r) = -8*r**2 + 1. Let z(x) = x**3 + 13*x**2 + 13*x + 13. Suppose -34 = -3*y + 4*y. Let n = y + 22. Let o be z(n). What is t(o)?
-7
Suppose z = -5*f - 4*z, -f = 3*z + 10. Let n(v) = 7*v + f + 10*v**2 - 13*v**2 + 4*v**2 - 2. Give n(-5).
-7
Let v(g) = -g**2 + 1. Let o(u) = u**3 + 4*u**2 - 2*u - 2. Let m(h) = o(h) + 3*v(h). Calculate m(1).
1
Let v be 12/10*30/(-12). Let j(x) = -5*x - 4. Give j(v).
11
Let u be (8/10)/(1/(-5)). Let y(t) = -7*t - 3*t + 7*t - 5 - t**2 - 3*t. Calculate y(u).
3
Let b(u) = -u**3. Let z(l) = -l**3 + 4*l**2 + l + 1. Let o(s) = 2*b(s) - z(s). Let x be (-30)/135 + (-68)/18. Determine o(x).
3
Let o(h) = 3*h + 8. Suppose 9 + 12 = -3*l. What is o(l)?
-13
Let w(u) be the first derivative of u**3/3 + 3*u**2 + 9*u - 2. Calculate w(-6).
9
Let v(d) = d + 0 + 3 - 4 + 4 + d**2. Determine v(3).
15
Let b(t) = 2 - 1 - 6*t - 4 + 4*t. Give b(4).
-11
Let d(u) = 6*u - 5. Let o(c) = 17*c - 14. Let m(g) = -11*d(g) + 4*o(g). Give m(-4).
-9
Let h(w) be the second derivative of 2*w**3/3 - w**2/2 + w. Let y be h(-1). Let c be (-1 + y - -2)*1. Let f(z) = -z**3 - 4*z**2 - z - 5. Calculate f(c).
-1
Let v(c) = -2*c**3 + 6*c**2 + 9*c - 12. Let w(j) = -j**3 + 3*j**2 + 4*j - 6. Let n(r) = -2*v(r) + 5*w(r). Determine n(4).
-14
Let a(m) = -5*m + 4*m**3 + 38*m**2 - 32*m**2 + 2 - 5*m**3. What is a(5)?
2
Let a(k) be the third derivative of k**5/60 - k**4/4 - 5*k**3/3 + k**2. Let w be a(7). Let b(u) = -u**3 - 3*u**2 + u - 3. Calculate b(w).
-6
Let z = -16 + 22. Let f(v) = -25 + 15 + v + 0*v. Determine f(z).
-4
Suppose -3*s + 2*x + 16 = 0, 3*s + 5*x - 8 = 3*x. Suppose -s + 0 = -4*m. Let j(o) = -2*o**2 - o + 1 + o**2 - o**2. What is j(m)?
-2
Let z(q) = -q**3 + 7*q**2 - 12*q + 36. Let u be z(6). Let f(x) = -x**3 - x**2 - 1. Calculate f(u).
-1
Let w(x) = x + 14. Suppose 0*a - 2*a - 28 = 2*h, 5*a = 5*h + 20. Calculate w(h).
5
Let i(u) = -u**2 + 10*u - 2. Let p(h) = -h**2 + 9*h - 2. Let t = -14 + 18. Let f(c) = t*i(c) - 5*p(c). What is f(5)?
2
Let g = -64 - -39. Let q = g - -21. Let v(c) = -7 + 3 - 2 - 3*c. Give v(q).
6
Suppose 5 = -s + 13. Let j(q) = 2*q - 11. Let d be j(s). Let g(i) = -i**3 + 5*i**2 - 5. Give g(d).
-5
Let o(n) = n**2 - 9*n - 21. Let t be o(11). Let h(r) be the first derivative of 7*r + 3/2*r**2 - 1/3*r**3 - t. Calculate h(5).
-3
Suppose -32 + 4 = -4*o. Suppose -2*j + o*j = 15. Let q(a) = j - a**3 + 2*a**2 + a - 2*a + 0*a**2. Calculate q(3).
-9
Suppose -2*c - 2*c - 20 = 0. Let t(q) be the second derivative of q**4/12 + q**3 + 7*q. Calculate t(c).
-5
Let f = -38 - -40. Let y(x) be the first derivative of 3*x - 2 - f*x**2 + 1/3*x**3. Calculate y(3).
0
Let g(d) = d**3 - 4*d**2 + 9*d. Let r(f) = -f**3 + 4*f**2 - 8*f + 1. Let l(b) = -3*g(b) - 4*r(b). Let v(w) = 3*w - 3. Let c be v(2). Determine l(c).
2
Suppose -4*h = 3*j + 38, -8 = -3*j + j + 4*h. Let m = j - -3. Let n(l) = -l**2 - 3*l + 3. Calculate n(m).
3
Let x(b) = -2*b + 1. Suppose 3*l = -5*i + 5*l + 18, -6 = i + 2*l. Determine x(i).
-3
Let f(w) = -w**2 + w + 1. Let r(x) = 2*x**2 + x - 1. Let n(i) = 5*f(i) + r(i). Let m(c) = -8*c**2 + 18*c + 13. Let q(z) = -4*m(z) + 11*n(z). Calculate q(-6).
-8
Let l(j) be the first derivative of 0*j + 1/3*j**3 - 7 + 3/2*j**4 - 1/2*j**2. Determine l(1).
6
Let s(q) be the second derivative of q**4/12 + 5*q**3/6 + 2*q**2 + 6*q. Suppose -4*m = 0, 2*m - 16 = -0*k + 4*k. What is s(k)?
0
Let s(a) = -2*a + 5. Let x(t) = -3*t + 9. Let l(n) = -11*s(n) + 6*x(n). Suppose 0 = i - 4*h + 5, i = -i - 4*h + 14. Let o = -2 + i. Calculate l(o).
3
Let l(z) = 6*z**3 - 7*z**2 + 3*z + 8. Let j(h) = 7*h**3 - 8*h**2 + 3*h + 9. Let m(o) = -5*j(o) + 6*l(o). Calculate m(-2).
-19
Let n(t) = t**3 + 4*t**2 - 4. Let o be n(-3). Let q(f) = f + 1. Give q(o).
6
Let b(h) = 5*h**2 - h. Let y(f) = -f**3 + f + 37. Let u be y(0). Let r be 16/56 + u/(-7). Let l(d) = d**3 + 4*d**2 - 5*d + 1. Let p be l(r). Give b(p)